{"id":2,"date":"2017-01-15T20:23:33","date_gmt":"2017-01-15T19:23:33","guid":{"rendered":"http:\/\/latroupedepoche.fr\/\/?page_id=2"},"modified":"2021-09-29T22:56:09","modified_gmt":"2021-09-29T20:56:09","slug":"about","status":"publish","type":"page","link":"https:\/\/latroupedepoche.fr\/?page_id=2","title":{"rendered":"Contacts"},"content":{"rendered":"<h1><span style=\"color: #008000;\">Pour nous contacter<\/span><\/h1>\n<h2><span style=\"color: #008000;\">mail :<\/span><\/h2>\n<p><span style=\"color: #008000;\"><a href=\"mailto:contact@latroupedepoche.fr\"><span style=\"color: #008000;\">contact@latroupedepoche.fr<\/span><\/a><\/span><\/p>\n<h2><span style=\"color: #008000;\">t\u00e9l\u00e9phone :<\/span><\/h2>\n<p><span style=\"color: #008000;\">06 85 52 16 34<\/span><\/p>\n<h2><span style=\"color: #008000;\">adresse postale :<\/span><\/h2>\n<p><span style=\"color: #008000;\">La Troupe de Poche<\/span><br \/>\n<span style=\"color: #008000;\"> 13 rue du P\u00e8re Brottier<\/span><br \/>\n<span style=\"color: #008000;\"> 41000 BLOIS<\/span><\/p>\n<p>ou<br \/>\n<span style=\"color: #008000;\">7 passage du Caillou Blanc<\/span><br \/>\n<span style=\"color: #008000;\">41350 St Gervais la For\u00eat<\/span><\/p>\n","protected":false},"excerpt":{"rendered":"<p>Pour nous contacter mail : contact@latroupedepoche.fr t\u00e9l\u00e9phone : 06 85 52 16 34 adresse postale : La Troupe de Poche 13 rue du P\u00e8re Brottier 41000 BLOIS ou 7 passage du Caillou Blanc 41350 St Gervais la For\u00eat<\/p>\n","protected":false},"author":1,"featured_media":0,"parent":0,"menu_order":0,"comment_status":"closed","ping_status":"closed","template":"","meta":{"footnotes":""},"class_list":["post-2","page","type-page","status-publish","hentry","nodate","item-wrap"],"_links":{"self":[{"href":"https:\/\/latroupedepoche.fr\/index.php?rest_route=\/wp\/v2\/pages\/2","targetHints":{"allow":["GET"]}}],"collection":[{"href":"https:\/\/latroupedepoche.fr\/index.php?rest_route=\/wp\/v2\/pages"}],"about":[{"href":"https:\/\/latroupedepoche.fr\/index.php?rest_route=\/wp\/v2\/types\/page"}],"author":[{"embeddable":true,"href":"https:\/\/latroupedepoche.fr\/index.php?rest_route=\/wp\/v2\/users\/1"}],"replies":[{"embeddable":true,"href":"https:\/\/latroupedepoche.fr\/index.php?rest_route=%2Fwp%2Fv2%2Fcomments&post=2"}],"version-history":[{"count":8,"href":"https:\/\/latroupedepoche.fr\/index.php?rest_route=\/wp\/v2\/pages\/2\/revisions"}],"predecessor-version":[{"id":686,"href":"https:\/\/latroupedepoche.fr\/index.php?rest_route=\/wp\/v2\/pages\/2\/revisions\/686"}],"wp:attachment":[{"href":"https:\/\/latroupedepoche.fr\/index.php?rest_route=%2Fwp%2Fv2%2Fmedia&parent=2"}],"curies":[{"name":"wp","href":"https:\/\/api.w.org\/{rel}","templated":true}]}}